{"id":4764,"date":"2024-06-28T17:22:39","date_gmt":"2024-06-28T17:22:39","guid":{"rendered":"https:\/\/hcaresol.pt\/product\/cama-articulada-electrica-alzheimer-xxi\/"},"modified":"2024-11-15T17:33:34","modified_gmt":"2024-11-15T17:33:34","slug":"cama-articulada-electrica-alzheimer-xxi","status":"publish","type":"product","link":"https:\/\/hcaresol.pt\/es\/producto\/cama-articulada-electrica-alzheimer-xxi\/","title":{"rendered":"Cama Articulada El\u00e9ctrica Alzheimer XXI"},"content":{"rendered":"","protected":false},"excerpt":{"rendered":"<p><strong>La seguridad del paciente con Alzheimer en primer lugar<\/strong><\/p>\n<ul>\n<li>Estructura en tubo de acero con pintura epoxy\/poli\u00e9ster con tratamiento antibacteriano<\/li>\n<li>Estrado articulado en lamas de haya, tripartido, accionado por motor el\u00e9ctrico<\/li>\n<li>Altura regulable por dos motores el\u00e9ctricos<\/li>\n<li>Comando con llave para bloqueo de funciones<\/li>\n<li>Preparada para todos los accesorios disponibles para camas HCareSol<\/li>\n<li>Con funci\u00f3n de Anti-Trendelenburg y Trendelenburg<\/li>\n<li>Peso m\u00e1ximo del usuario: 150 Kg.<\/li>\n<\/ul>\n[table id=\"229\" \/]\n","protected":false},"featured_media":4763,"template":"","meta":[],"product_brand":[],"product_cat":[115],"product_tag":[],"class_list":{"0":"post-4764","1":"product","2":"type-product","3":"status-publish","4":"has-post-thumbnail","6":"product_cat-geriatria-es","8":"first","9":"onbackorder","10":"shipping-taxable","11":"product-type-simple"},"yoast_head":"<!-- This site is optimized with the Yoast SEO plugin v27.4 - https:\/\/yoast.com\/product\/yoast-seo-wordpress\/ -->\n<title>Cama Articulada El\u00e9ctrica Alzheimer XXI - Hcaresol<\/title>\n<meta name=\"description\" content=\"Cama Articulada El\u00e9ctrica Alzheimer XXI - La seguridad del paciente con Alzheimer en primer lugar. Con funci\u00f3n de Anti-Trendelenburg y Trendelenburg.\" \/>\n<meta name=\"robots\" content=\"index, follow, max-snippet:-1, max-image-preview:large, max-video-preview:-1\" \/>\n<link rel=\"canonical\" href=\"https:\/\/hcaresol.pt\/es\/producto\/cama-articulada-electrica-alzheimer-xxi\/\" \/>\n<meta property=\"og:locale\" content=\"es_ES\" \/>\n<meta property=\"og:type\" content=\"article\" \/>\n<meta property=\"og:title\" content=\"Cama Articulada El\u00e9ctrica Alzheimer XXI - Hcaresol\" \/>\n<meta property=\"og:description\" content=\"Cama Articulada El\u00e9ctrica Alzheimer XXI - La seguridad del paciente con Alzheimer en primer lugar. Con funci\u00f3n de Anti-Trendelenburg y Trendelenburg.\" \/>\n<meta property=\"og:url\" content=\"https:\/\/hcaresol.pt\/es\/producto\/cama-articulada-electrica-alzheimer-xxi\/\" \/>\n<meta property=\"og:site_name\" content=\"Hcaresol\" \/>\n<meta property=\"article:modified_time\" content=\"2024-11-15T17:33:34+00:00\" \/>\n<meta property=\"og:image\" content=\"https:\/\/hcaresol.pt\/wp-content\/uploads\/2024\/06\/cama-articulada-eletrica-alzheimer-xxi.png\" \/>\n\t<meta property=\"og:image:width\" content=\"2000\" \/>\n\t<meta property=\"og:image:height\" content=\"1545\" \/>\n\t<meta property=\"og:image:type\" content=\"image\/png\" \/>\n<meta name=\"twitter:card\" content=\"summary_large_image\" \/>\n<meta name=\"twitter:label1\" content=\"Tiempo de lectura\" \/>\n\t<meta name=\"twitter:data1\" content=\"1 minuto\" \/>\n<script type=\"application\/ld+json\" class=\"yoast-schema-graph\">{\"@context\":\"https:\\\/\\\/schema.org\",\"@graph\":[{\"@type\":\"WebPage\",\"@id\":\"https:\\\/\\\/hcaresol.pt\\\/es\\\/producto\\\/cama-articulada-electrica-alzheimer-xxi\\\/\",\"url\":\"https:\\\/\\\/hcaresol.pt\\\/es\\\/producto\\\/cama-articulada-electrica-alzheimer-xxi\\\/\",\"name\":\"Cama Articulada El\u00e9ctrica Alzheimer XXI - Hcaresol\",\"isPartOf\":{\"@id\":\"https:\\\/\\\/hcaresol.pt\\\/es\\\/#website\"},\"primaryImageOfPage\":{\"@id\":\"https:\\\/\\\/hcaresol.pt\\\/es\\\/producto\\\/cama-articulada-electrica-alzheimer-xxi\\\/#primaryimage\"},\"image\":{\"@id\":\"https:\\\/\\\/hcaresol.pt\\\/es\\\/producto\\\/cama-articulada-electrica-alzheimer-xxi\\\/#primaryimage\"},\"thumbnailUrl\":\"https:\\\/\\\/hcaresol.pt\\\/wp-content\\\/uploads\\\/2024\\\/06\\\/cama-articulada-eletrica-alzheimer-xxi.png\",\"datePublished\":\"2024-06-28T17:22:39+00:00\",\"dateModified\":\"2024-11-15T17:33:34+00:00\",\"description\":\"Cama Articulada El\u00e9ctrica Alzheimer XXI - La seguridad del paciente con Alzheimer en primer lugar. Con funci\u00f3n de Anti-Trendelenburg y Trendelenburg.\",\"breadcrumb\":{\"@id\":\"https:\\\/\\\/hcaresol.pt\\\/es\\\/producto\\\/cama-articulada-electrica-alzheimer-xxi\\\/#breadcrumb\"},\"inLanguage\":\"es\",\"potentialAction\":[{\"@type\":\"ReadAction\",\"target\":[\"https:\\\/\\\/hcaresol.pt\\\/es\\\/producto\\\/cama-articulada-electrica-alzheimer-xxi\\\/\"]}]},{\"@type\":\"ImageObject\",\"inLanguage\":\"es\",\"@id\":\"https:\\\/\\\/hcaresol.pt\\\/es\\\/producto\\\/cama-articulada-electrica-alzheimer-xxi\\\/#primaryimage\",\"url\":\"https:\\\/\\\/hcaresol.pt\\\/wp-content\\\/uploads\\\/2024\\\/06\\\/cama-articulada-eletrica-alzheimer-xxi.png\",\"contentUrl\":\"https:\\\/\\\/hcaresol.pt\\\/wp-content\\\/uploads\\\/2024\\\/06\\\/cama-articulada-eletrica-alzheimer-xxi.png\",\"width\":2000,\"height\":1545},{\"@type\":\"BreadcrumbList\",\"@id\":\"https:\\\/\\\/hcaresol.pt\\\/es\\\/producto\\\/cama-articulada-electrica-alzheimer-xxi\\\/#breadcrumb\",\"itemListElement\":[{\"@type\":\"ListItem\",\"position\":1,\"name\":\"In\u00edcio\",\"item\":\"https:\\\/\\\/hcaresol.pt\\\/es\\\/\"},{\"@type\":\"ListItem\",\"position\":2,\"name\":\"Productos\",\"item\":\"https:\\\/\\\/hcaresol.pt\\\/es\\\/shop\\\/\"},{\"@type\":\"ListItem\",\"position\":3,\"name\":\"Cama Articulada El\u00e9ctrica Alzheimer XXI\"}]},{\"@type\":\"WebSite\",\"@id\":\"https:\\\/\\\/hcaresol.pt\\\/es\\\/#website\",\"url\":\"https:\\\/\\\/hcaresol.pt\\\/es\\\/\",\"name\":\"Hcaresol\",\"description\":\"\",\"publisher\":{\"@id\":\"https:\\\/\\\/hcaresol.pt\\\/es\\\/#organization\"},\"potentialAction\":[{\"@type\":\"SearchAction\",\"target\":{\"@type\":\"EntryPoint\",\"urlTemplate\":\"https:\\\/\\\/hcaresol.pt\\\/es\\\/?s={search_term_string}\"},\"query-input\":{\"@type\":\"PropertyValueSpecification\",\"valueRequired\":true,\"valueName\":\"search_term_string\"}}],\"inLanguage\":\"es\"},{\"@type\":\"Organization\",\"@id\":\"https:\\\/\\\/hcaresol.pt\\\/es\\\/#organization\",\"name\":\"Hcaresol\",\"url\":\"https:\\\/\\\/hcaresol.pt\\\/es\\\/\",\"logo\":{\"@type\":\"ImageObject\",\"inLanguage\":\"es\",\"@id\":\"https:\\\/\\\/hcaresol.pt\\\/es\\\/#\\\/schema\\\/logo\\\/image\\\/\",\"url\":\"https:\\\/\\\/hcaresol.pt\\\/wp-content\\\/uploads\\\/2024\\\/06\\\/logo-hcaresol.png\",\"contentUrl\":\"https:\\\/\\\/hcaresol.pt\\\/wp-content\\\/uploads\\\/2024\\\/06\\\/logo-hcaresol.png\",\"width\":900,\"height\":834,\"caption\":\"Hcaresol\"},\"image\":{\"@id\":\"https:\\\/\\\/hcaresol.pt\\\/es\\\/#\\\/schema\\\/logo\\\/image\\\/\"},\"sameAs\":[\"https:\\\/\\\/www.linkedin.com\\\/company\\\/hcaresol\\\/\"]}]}<\/script>\n<!-- \/ Yoast SEO plugin. -->","yoast_head_json":{"title":"Cama Articulada El\u00e9ctrica Alzheimer XXI - Hcaresol","description":"Cama Articulada El\u00e9ctrica Alzheimer XXI - La seguridad del paciente con Alzheimer en primer lugar. Con funci\u00f3n de Anti-Trendelenburg y Trendelenburg.","robots":{"index":"index","follow":"follow","max-snippet":"max-snippet:-1","max-image-preview":"max-image-preview:large","max-video-preview":"max-video-preview:-1"},"canonical":"https:\/\/hcaresol.pt\/es\/producto\/cama-articulada-electrica-alzheimer-xxi\/","og_locale":"es_ES","og_type":"article","og_title":"Cama Articulada El\u00e9ctrica Alzheimer XXI - Hcaresol","og_description":"Cama Articulada El\u00e9ctrica Alzheimer XXI - La seguridad del paciente con Alzheimer en primer lugar. Con funci\u00f3n de Anti-Trendelenburg y Trendelenburg.","og_url":"https:\/\/hcaresol.pt\/es\/producto\/cama-articulada-electrica-alzheimer-xxi\/","og_site_name":"Hcaresol","article_modified_time":"2024-11-15T17:33:34+00:00","og_image":[{"width":2000,"height":1545,"url":"https:\/\/hcaresol.pt\/wp-content\/uploads\/2024\/06\/cama-articulada-eletrica-alzheimer-xxi.png","type":"image\/png"}],"twitter_card":"summary_large_image","twitter_misc":{"Tiempo de lectura":"1 minuto"},"schema":{"@context":"https:\/\/schema.org","@graph":[{"@type":"WebPage","@id":"https:\/\/hcaresol.pt\/es\/producto\/cama-articulada-electrica-alzheimer-xxi\/","url":"https:\/\/hcaresol.pt\/es\/producto\/cama-articulada-electrica-alzheimer-xxi\/","name":"Cama Articulada El\u00e9ctrica Alzheimer XXI - Hcaresol","isPartOf":{"@id":"https:\/\/hcaresol.pt\/es\/#website"},"primaryImageOfPage":{"@id":"https:\/\/hcaresol.pt\/es\/producto\/cama-articulada-electrica-alzheimer-xxi\/#primaryimage"},"image":{"@id":"https:\/\/hcaresol.pt\/es\/producto\/cama-articulada-electrica-alzheimer-xxi\/#primaryimage"},"thumbnailUrl":"https:\/\/hcaresol.pt\/wp-content\/uploads\/2024\/06\/cama-articulada-eletrica-alzheimer-xxi.png","datePublished":"2024-06-28T17:22:39+00:00","dateModified":"2024-11-15T17:33:34+00:00","description":"Cama Articulada El\u00e9ctrica Alzheimer XXI - La seguridad del paciente con Alzheimer en primer lugar. Con funci\u00f3n de Anti-Trendelenburg y Trendelenburg.","breadcrumb":{"@id":"https:\/\/hcaresol.pt\/es\/producto\/cama-articulada-electrica-alzheimer-xxi\/#breadcrumb"},"inLanguage":"es","potentialAction":[{"@type":"ReadAction","target":["https:\/\/hcaresol.pt\/es\/producto\/cama-articulada-electrica-alzheimer-xxi\/"]}]},{"@type":"ImageObject","inLanguage":"es","@id":"https:\/\/hcaresol.pt\/es\/producto\/cama-articulada-electrica-alzheimer-xxi\/#primaryimage","url":"https:\/\/hcaresol.pt\/wp-content\/uploads\/2024\/06\/cama-articulada-eletrica-alzheimer-xxi.png","contentUrl":"https:\/\/hcaresol.pt\/wp-content\/uploads\/2024\/06\/cama-articulada-eletrica-alzheimer-xxi.png","width":2000,"height":1545},{"@type":"BreadcrumbList","@id":"https:\/\/hcaresol.pt\/es\/producto\/cama-articulada-electrica-alzheimer-xxi\/#breadcrumb","itemListElement":[{"@type":"ListItem","position":1,"name":"In\u00edcio","item":"https:\/\/hcaresol.pt\/es\/"},{"@type":"ListItem","position":2,"name":"Productos","item":"https:\/\/hcaresol.pt\/es\/shop\/"},{"@type":"ListItem","position":3,"name":"Cama Articulada El\u00e9ctrica Alzheimer XXI"}]},{"@type":"WebSite","@id":"https:\/\/hcaresol.pt\/es\/#website","url":"https:\/\/hcaresol.pt\/es\/","name":"Hcaresol","description":"","publisher":{"@id":"https:\/\/hcaresol.pt\/es\/#organization"},"potentialAction":[{"@type":"SearchAction","target":{"@type":"EntryPoint","urlTemplate":"https:\/\/hcaresol.pt\/es\/?s={search_term_string}"},"query-input":{"@type":"PropertyValueSpecification","valueRequired":true,"valueName":"search_term_string"}}],"inLanguage":"es"},{"@type":"Organization","@id":"https:\/\/hcaresol.pt\/es\/#organization","name":"Hcaresol","url":"https:\/\/hcaresol.pt\/es\/","logo":{"@type":"ImageObject","inLanguage":"es","@id":"https:\/\/hcaresol.pt\/es\/#\/schema\/logo\/image\/","url":"https:\/\/hcaresol.pt\/wp-content\/uploads\/2024\/06\/logo-hcaresol.png","contentUrl":"https:\/\/hcaresol.pt\/wp-content\/uploads\/2024\/06\/logo-hcaresol.png","width":900,"height":834,"caption":"Hcaresol"},"image":{"@id":"https:\/\/hcaresol.pt\/es\/#\/schema\/logo\/image\/"},"sameAs":["https:\/\/www.linkedin.com\/company\/hcaresol\/"]}]}},"_links":{"self":[{"href":"https:\/\/hcaresol.pt\/es\/wp-json\/wp\/v2\/product\/4764","targetHints":{"allow":["GET"]}}],"collection":[{"href":"https:\/\/hcaresol.pt\/es\/wp-json\/wp\/v2\/product"}],"about":[{"href":"https:\/\/hcaresol.pt\/es\/wp-json\/wp\/v2\/types\/product"}],"wp:featuredmedia":[{"embeddable":true,"href":"https:\/\/hcaresol.pt\/es\/wp-json\/wp\/v2\/media\/4763"}],"wp:attachment":[{"href":"https:\/\/hcaresol.pt\/es\/wp-json\/wp\/v2\/media?parent=4764"}],"wp:term":[{"taxonomy":"product_brand","embeddable":true,"href":"https:\/\/hcaresol.pt\/es\/wp-json\/wp\/v2\/product_brand?post=4764"},{"taxonomy":"product_cat","embeddable":true,"href":"https:\/\/hcaresol.pt\/es\/wp-json\/wp\/v2\/product_cat?post=4764"},{"taxonomy":"product_tag","embeddable":true,"href":"https:\/\/hcaresol.pt\/es\/wp-json\/wp\/v2\/product_tag?post=4764"}],"curies":[{"name":"wp","href":"https:\/\/api.w.org\/{rel}","templated":true}]}}

Cama Articulada Eléctrica Alzheimer XXI

<p><strong>La seguridad del paciente con Alzheimer en primer lugar</strong></p>
<ul>
<li>Estructura en tubo de acero con pintura epoxy/poliéster con tratamiento antibacteriano</li>
<li>Estrado articulado en lamas de haya, tripartido, accionado por motor eléctrico</li>
<li>Altura regulable por dos motores eléctricos</li>
<li>Comando con llave para bloqueo de funciones</li>
<li>Preparada para todos los accesorios disponibles para camas HCareSol</li>
<li>Con función de Anti-Trendelenburg y Trendelenburg</li>
<li>Peso máximo del usuario: 150 Kg.</li>
</ul>
[table id="229" /]

<!-- This site is optimized with the Yoast SEO plugin v27.4 - https://yoast.com/product/yoast-seo-wordpress/ -->
<title>Cama Articulada Eléctrica Alzheimer XXI - Hcaresol</title>
<meta name="description" content="Cama Articulada Eléctrica Alzheimer XXI - La seguridad del paciente con Alzheimer en primer lugar. Con función de Anti-Trendelenburg y Trendelenburg." />
<meta name="robots" content="index, follow, max-snippet:-1, max-image-preview:large, max-video-preview:-1" />
<link rel="canonical" href="https://hcaresol.pt/es/producto/cama-articulada-electrica-alzheimer-xxi/" />
<meta property="og:locale" content="es_ES" />
<meta property="og:type" content="article" />
<meta property="og:title" content="Cama Articulada Eléctrica Alzheimer XXI - Hcaresol" />
<meta property="og:description" content="Cama Articulada Eléctrica Alzheimer XXI - La seguridad del paciente con Alzheimer en primer lugar. Con función de Anti-Trendelenburg y Trendelenburg." />
<meta property="og:url" content="https://hcaresol.pt/es/producto/cama-articulada-electrica-alzheimer-xxi/" />
<meta property="og:site_name" content="Hcaresol" />
<meta property="article:modified_time" content="2024-11-15T17:33:34+00:00" />
<meta property="og:image" content="https://hcaresol.pt/wp-content/uploads/2024/06/cama-articulada-eletrica-alzheimer-xxi.png" />
	<meta property="og:image:width" content="2000" />
	<meta property="og:image:height" content="1545" />
	<meta property="og:image:type" content="image/png" />
<meta name="twitter:card" content="summary_large_image" />
<meta name="twitter:label1" content="Tiempo de lectura" />
	<meta name="twitter:data1" content="1 minuto" />
<script type="application/ld+json" class="yoast-schema-graph">{"@context":"https:\/\/schema.org","@graph":[{"@type":"WebPage","@id":"https:\/\/hcaresol.pt\/es\/producto\/cama-articulada-electrica-alzheimer-xxi\/","url":"https:\/\/hcaresol.pt\/es\/producto\/cama-articulada-electrica-alzheimer-xxi\/","name":"Cama Articulada Eléctrica Alzheimer XXI - Hcaresol","isPartOf":{"@id":"https:\/\/hcaresol.pt\/es\/#website"},"primaryImageOfPage":{"@id":"https:\/\/hcaresol.pt\/es\/producto\/cama-articulada-electrica-alzheimer-xxi\/#primaryimage"},"image":{"@id":"https:\/\/hcaresol.pt\/es\/producto\/cama-articulada-electrica-alzheimer-xxi\/#primaryimage"},"thumbnailUrl":"https:\/\/hcaresol.pt\/wp-content\/uploads\/2024\/06\/cama-articulada-eletrica-alzheimer-xxi.png","datePublished":"2024-06-28T17:22:39+00:00","dateModified":"2024-11-15T17:33:34+00:00","description":"Cama Articulada Eléctrica Alzheimer XXI - La seguridad del paciente con Alzheimer en primer lugar. Con función de Anti-Trendelenburg y Trendelenburg.","breadcrumb":{"@id":"https:\/\/hcaresol.pt\/es\/producto\/cama-articulada-electrica-alzheimer-xxi\/#breadcrumb"},"inLanguage":"es","potentialAction":[{"@type":"ReadAction","target":["https:\/\/hcaresol.pt\/es\/producto\/cama-articulada-electrica-alzheimer-xxi\/"]}]},{"@type":"ImageObject","inLanguage":"es","@id":"https:\/\/hcaresol.pt\/es\/producto\/cama-articulada-electrica-alzheimer-xxi\/#primaryimage","url":"https:\/\/hcaresol.pt\/wp-content\/uploads\/2024\/06\/cama-articulada-eletrica-alzheimer-xxi.png","contentUrl":"https:\/\/hcaresol.pt\/wp-content\/uploads\/2024\/06\/cama-articulada-eletrica-alzheimer-xxi.png","width":2000,"height":1545},{"@type":"BreadcrumbList","@id":"https:\/\/hcaresol.pt\/es\/producto\/cama-articulada-electrica-alzheimer-xxi\/#breadcrumb","itemListElement":[{"@type":"ListItem","position":1,"name":"Início","item":"https:\/\/hcaresol.pt\/es\/"},{"@type":"ListItem","position":2,"name":"Productos","item":"https:\/\/hcaresol.pt\/es\/shop\/"},{"@type":"ListItem","position":3,"name":"Cama Articulada Eléctrica Alzheimer XXI"}]},{"@type":"WebSite","@id":"https:\/\/hcaresol.pt\/es\/#website","url":"https:\/\/hcaresol.pt\/es\/","name":"Hcaresol","description":"","publisher":{"@id":"https:\/\/hcaresol.pt\/es\/#organization"},"potentialAction":[{"@type":"SearchAction","target":{"@type":"EntryPoint","urlTemplate":"https:\/\/hcaresol.pt\/es\/?s={search_term_string}"},"query-input":{"@type":"PropertyValueSpecification","valueRequired":true,"valueName":"search_term_string"}}],"inLanguage":"es"},{"@type":"Organization","@id":"https:\/\/hcaresol.pt\/es\/#organization","name":"Hcaresol","url":"https:\/\/hcaresol.pt\/es\/","logo":{"@type":"ImageObject","inLanguage":"es","@id":"https:\/\/hcaresol.pt\/es\/#\/schema\/logo\/image\/","url":"https:\/\/hcaresol.pt\/wp-content\/uploads\/2024\/06\/logo-hcaresol.png","contentUrl":"https:\/\/hcaresol.pt\/wp-content\/uploads\/2024\/06\/logo-hcaresol.png","width":900,"height":834,"caption":"Hcaresol"},"image":{"@id":"https:\/\/hcaresol.pt\/es\/#\/schema\/logo\/image\/"},"sameAs":["https:\/\/www.linkedin.com\/company\/hcaresol\/"]}]}</script>
<!-- / Yoast SEO plugin. -->

Cama Articulada Eléctrica Alzheimer XXI - Hcaresol

Cama Articulada Eléctrica Alzheimer XXI - La seguridad del paciente con Alzheimer en primer lugar. Con función de Anti-Trendelenburg y Trendelenburg.

Início
